
What is the remainder when 119546 is divided by 19?
17
What is the remainder when 516535 is divided by 5554?
13
Calculate the remainder when 258404 is divided by 9938.
16
Calculate the remainder when 15953 is divided by 95.
88
What is the remainder when 16136 is divided by 4000?
136
What is the remainder when 20699 is divided by 95?
84
Calculate the remainder when 51400 is divided by 352.
8
What is the remainder when 136119 is divided by 410?
409
Calculate the remainder when 909 is divided by 559.
350
Calculate the remainder when 987 is divided by 556.
431
Calculate the remainder when 50871 is divided by 877.
5
What is the remainder when 18300 is divided by 83?
40
Calculate the remainder when 43846 is divided by 14614.
4
Calculate the remainder when 616341 is divided by 24.
21
What is the remainder when 161144 is divided by 23020?
4
Calculate the remainder when 20847 is divided by 496.
15
Calculate the remainder when 94954 is divided by 543.
472
What is the remainder when 3195 is divided by 1054?
33
Calculate the remainder when 13117 is divided by 80.
77
Calculate the remainder when 1352 is divided by 32.
8
Calculate the remainder when 36808 is divided by 12212.
172
What is the remainder when 3608757 is divided by 30?
27
Calculate the remainder when 136116 is divided by 66.
24
What is the remainder when 794 is divided by 135?
119
What is the remainder when 44752 is divided by 1280?
1232
Calculate the remainder when 10921 is divided by 3546.
283
What is the remainder when 7747 is divided by 176?
3
What is the remainder when 843799 is divided by 10?
9
What is the remainder when 31805 is divided by 15902?
1
Calculate the remainder when 93891 is divided by 1591.
22
Calculate the remainder when 4183 is divided by 381.
373
Calculate the remainder when 230200 is divided by 494.
490
What is the remainder when 230 is divided by 204?
26
Calculate the remainder when 1327 is divided by 134.
121
What is the remainder when 98707 is divided by 641?
634
Calculate the remainder when 2432 is divided by 309.
269
What is the remainder when 288251 is divided by 108?
107
What is the remainder when 837751 is divided by 220?
211
Calculate the remainder when 27512 is divided by 2548.
2032
Calculate the remainder when 52560 is divided by 60.
0
Calculate the remainder when 20652 is divided by 139.
80
What is the remainder when 36951 is divided by 617?
548
What is the remainder when 1890079 is divided by 9?
7
Calculate the remainder when 5187 is divided by 252.
147
Calculate the remainder when 29425 is divided by 4900.
25
Calculate the remainder when 5845 is divided by 5640.
205
Calculate the remainder when 12620 is divided by 4195.
35
What is the remainder when 14562 is divided by 208?
2
What is the remainder when 105672 is divided by 387?
21
Calculate the remainder when 60315 is divided by 1547.
1529
What is the remainder when 2571 is divided by 74?
55
Calculate the remainder when 286106 is divided by 1011.
1004
What is the remainder when 24445 is divided by 10?
5
What is the remainder when 851 is divided by 99?
59
Calculate the remainder when 69399 is divided by 34695.
9
Calculate the remainder when 4858 is divided by 171.
70
What is the remainder when 7620 is divided by 7382?
238
What is the remainder when 35507 is divided by 245?
227
Calculate the remainder when 3342 is divided by 1429.
484
Calculate the remainder when 5813 is divided by 290.
13
What is the remainder when 11628 is divided by 159?
21
Calculate the remainder when 27871 is divided by 263.
256
Calculate the remainder when 2441 is divided by 1123.
195
Calculate the remainder when 812805 is divided by 954.
951
What is the remainder when 2535 is divided by 369?
321
Calculate the remainder when 45046 is divided by 1126.
6
Calculate the remainder when 90237 is divided by 30075.
12
Calculate the remainder when 3538 is divided by 864.
82
What is the remainder when 154232 is divided by 852?
20
Calculate the remainder when 516508 is divided by 5.
3
Calculate the remainder when 6456 is divided by 716.
12
Calculate the remainder when 261686 is divided by 429.
425
What is the remainder when 7473 is divided by 2466?
75
What is the remainder when 885 is divided by 177?
0
What is the remainder when 2857 is divided by 481?
452
What is the remainder when 9987 is divided by 167?
134
Calculate the remainder when 15076 is divided by 26.
22
Calculate the remainder when 25366 is divided by 110.
66
What is the remainder when 2012 is divided by 231?
164
What is the remainder when 399 is divided by 4?
3
What is the remainder when 431799 is divided by 42?
39
Calculate the remainder when 10716 is divided by 224.
188
What is the remainder when 3654 is divided by 609?
0
What is the remainder when 105821 is divided by 99?
89
Calculate the remainder when 4081 is divided by 245.
161
Calculate the remainder when 33323 is divided by 186.
29
Calculate the remainder when 31179 is divided by 4454.
1
Calculate the remainder when 280674 is divided by 3264.
3234
What is the remainder when 94841 is divided by 114?
107
What is the remainder when 209803 is divided by 46?
43
What is the remainder when 15439 is divided by 1026?
49
Calculate the remainder when 49881 is divided by 10.
1
What is the remainder when 19562 is divided by 215?
212
What is the remainder when 50 is divided by 22?
6
Calculate the remainder when 31944 is divided by 63.
3
Calculate the remainder when 16883982 is divided by 52.
50
Calculate the remainder when 9768 is divided by 279.
3
What is the remainder when 132 is divided by 18?
6
Calculate the remainder when 28472 is divided by 1139.
1136
What is the remainder when 3890 is divided by 349?
51
Calculate the remainder when 3655 is divided by 92.
67
What is the remainder when 170517 is divided by 174?
171
What is the remainder when 153597 is divided by 153552?
45
What is the remainder when 57013 is divided by 1118?
1113
Calculate the remainder when 173997 is divided by 493.
461
What is the remainder when 284286 is divided by 23690?
6
Calculate the remainder when 1251 is divided by 42.
33
Calculate the remainder when 6203 is divided by 107.
104
Calculate the remainder when 57690 is divided by 52.
22
Calculate the remainder when 7621 is divided by 3783.
55
What is the remainder when 53901 is divided by 634?
11
Calculate the remainder when 137427 is divided by 86.
85
What is the remainder when 957 is divided by 817?
140
Calculate the remainder when 1018 is divided by 32.
26
What is the remainder when 3816 is divided by 295?
276
What is the remainder when 193834 is divided by 19?
15
Calculate the remainder when 28671 is divided by 247.
19
What is the remainder when 422723 is divided by 212?
207
What is the remainder when 13120 is divided by 27?
25
What is the remainder when 29090 is divided by 120?
50
What is the remainder when 1358894 is divided by 72?
38
Calculate the remainder when 94094 is divided by 692.
674
Calculate the remainder when 90432 is divided by 502.
72
Calculate the remainder when 298 is divided by 119.
60
Calculate the remainder when 20176 is divided by 114.
112
Calculate the remainder when 24223 is divided by 2396.
263
What is the remainder when 147738 is divided by 5094?
12
What is the remainder when 395 is divided by 7?
3
What is the remainder when 99465 is divided by 1604?
17
Calculate the remainder when 364541 is divided by 314.
301
What is the remainder when 1345 is divided by 1249?
96
Calculate the remainder when 937745 is divided by 14.
11
Calculate the remainder when 19742 is divided by 87.
80
What is the remainder when 3633723 is divided by 23?
22
What is the remainder when 65728 is divided by 27?
10
What is the remainder when 10062 is divided by 143?
52
What is the remainder when 243036 is divided by 280?
276
Calculate the remainder when 264704 is divided by 13.
11
Calculate the remainder when 2903 is divided by 177.
71
Calculate the remainder when 61999 is divided by 4428.
7
Calculate the remainder when 2361 is divided by 1180.
1
What is the remainder when 446662 is divided by 46?
2
What is the remainder when 1249 is divided by 496?
257
Calculate the remainder when 53073 is divided by 13262.
25
What is the remainder when 58418 is divided by 14600?
18
Calculate the remainder when 399 is divided b